atest common factor of 33 and u?
11
Let m be (19/2)/((-4)/(-40)). Suppose 4*y = -200 + 188. Let x be (y + 8 + -6)*-19. Calculate the greatest common divisor of x and m.
19
Suppose 0 = 2554*w - 2598*w + 1100616. Calculate the greatest common divisor of w and 66.
66
Let x be 10/5 - (-2 - -2). Suppose t = -2, 350 = -2*c - x*c - 5*t. Let m be (c/(-51))/(0 + 2/84). What is the highest common divisor of m and 20?
10
Let w = 14062 - 13897. What is the greatest common divisor of w and 195?
15
Suppose 0 = -3*w - 12, 4*w - 2*w = -3*q + 163. Suppose 5*s + 3*p - 144 = 31, -28 = -s - 2*p. Calculate the highest common divisor of s and q.
19
Let d(r) = 7*r - 68. Let w be d(11). Suppose 836 = w*v + 10*v. What is the greatest common divisor of v and 572?
44
Suppose 8*i + i = 36. Suppose i*r + 69 = 2*s + r, -5*s + r = -166. Let k be (1 + -3)/(4/(-6)). What is the highest common factor of s and k?
3
Suppose 19 = o + 11. Suppose -8*g = -o + 8. Suppose n - 105 + 0 = g. Calculate the highest common divisor of 15 and n.
15
Let o be (1144/(-176))/(1/(-10)). Let c = 208 - 182. What is the greatest common divisor of o and c?
13
Suppose -28*m + 180 = -26*m. Let l = -345 + 365. What is the highest common factor of l and m?
10
Suppose -38*h + 31*h + 1470 = 0. Suppose -h = -3*n - 2*n. What is the highest common divisor of n and 6?
6
Let j = -47 - 7. Let d be (j/24)/((-2)/(-8)). Let f be ((-2675)/(-20) + d/12)*2. What is the highest common factor of f and 38?
38
Let j(g) = -2*g**2 + 37*g + 27. Let x be j(19). Suppose x*a + 700 = 13*a. What is the highest common factor of 42 and a?
14
Let z = 884 - 344. Suppose 99*d = 102*d - 180. What is the greatest common factor of d and z?
60
Let a(o) = 1206*o + 14616. Let r be a(-11). What is the greatest common factor of r and 6525?
225
Let p(i) = -2*i**2 - 18*i - 6. Let r be p(-9). Let d(z) = -47*z - 26. Let t be d(r). Suppose -3*m = 29*m - 1024. Calculate the highest common factor of m and t.
32
Let z be ((-108)/(-30))/((-267)/45 + 6). Calculate the greatest common factor of 1476 and z.
18
Let y be 14/(-35) + 2/5. Suppose y*a - 3*a = o - 17, -2*o + 2*a = -18. Suppose -285 = -o*x + 6*x. Calculate the highest common factor of x and 38.
19
Suppose -3887 + 3838 = -f. What is the highest common divisor of 6223 and f?
49
Suppose 0 = 2*z + 2*z - 80. Let m(v) = 204*v + 448. Let b be m(-2). What is the highest common factor of b and z?
20
Suppose 19 = 4*w - 1. Suppose 4*u = 2*u - h + 1136, 0 = w*u - 4*h - 2827. What is the greatest common factor of u and 63?
63
Let a = 13 + 99. Let t be 12/(-48)*68 - -33. Calculate the highest common factor of t and a.
16
Suppose 5*x - 2592 - 1136 = 3132. What is the highest common factor of 49 and x?
49
Suppose 2*a + 12 - 14 = -2*m, 4*m = -12. Suppose -4*l - a*z - z + 3373 = 0, 5*l + z = 4190. Calculate the greatest common factor of 31 and l.
31
Let q be 27396/(-342) + 2/19. Let v = 25 - q. What is the greatest common divisor of 60 and v?
15
Let c = -1344 + 1352. What is the greatest common divisor of 38 and c?
2
Suppose -3*z - 3 = -4*l, z - 5*l = -0*z - 12. Suppose -z*n - 81 = -2*b, 2*b + 215 = 7*b + 5*n. What is the greatest common factor of 168 and b?
42
Let k(w) = -57*w + 42. Let q be k(-1). What is the highest common divisor of q and 69?
3
Suppose 970*d - 947*d - 1311 = 0. Calculate the highest common factor of d and 361.
19
Let q(x) = -x**3 + 19*x**2 + 11*x + 9. Let t be q(11). Suppose 57*k + 37*k - 414 = 71*k. What is the highest common divisor of k and t?
18
Suppose -7*y = 5*z - 3*y - 2404, -4*y + 1444 = 3*z. Suppose 9 = g - 6. What is the greatest common divisor of g and z?
15
Suppose 5*m - 4*m - 22 = 0. Let k = m + -26. Let h be 1/(-5*k/100). Calculate the highest common factor of 1 and h.
1
Let a be (-2)/(4*(-6)/(-240)). Let p be 45 - (-4)/(a/(-25)). What is the greatest common divisor of 75 and p?
25
Suppose 365 + 125 = 5*l. Let k = l - 93. Suppose -k*a + 205 = -7*f + 2*f, 4*a = 5*f + 160. What is the greatest common factor of a and 495?
45
Let g = -254 + 253. Let i(r) = -157*r - 3 - 160*r + 5. Let s be i(g). What is the greatest common divisor of 29 and s?
29
Let y be (1/6)/(27/(-162)) + 4321. What is the greatest common divisor of 15 and y?
15
Let i(l) = -l**3 - 6*l**2 + 4*l - 9. Let s be i(-7). Let d(f) = -14*f - 108. Let p be d(-9). Calculate the greatest common factor of s and p.
6
Let b = -689 + 689. Suppose -3*p + 3*y + 762 = b, -2*p - 5*y - 1014 = -6*p. What is the highest common factor of 8 and p?
8
Let r(t) = -t**3 - 69*t**2 - 86*t - 943. Let l be r(-68). Calculate the greatest common factor of 5339 and l.
281
Suppose -n - 8 = 4*j - 4, 5 = 5*j. Let i be n/(-96)*21*184. What is the highest common factor of i and 92?
46
Suppose -2*r - 4*v + 78 = 0, 10*r = 14*r - v - 111. Suppose 2*s + 3*o - 73 = 0, -o - r = -0*s - s. Calculate the highest common divisor of s and 12.
4
Let l be (-18)/(-27) - 188/(-6). Let d be -18 + 171 + 0 + -9. What is the highest common factor of d and l?
16
Let l be (((-530)/(-15) - 3) + -9)*15. What is the highest common factor of 280 and l?
70
Let n be (79/10 + (-54)/(-90))*5712/12. What is the highest common divisor of 42 and n?
14
Let p be 13 - 0*(-1)/(-2). Let z = 30 - p. Let n be (36 - (60 - -10))*10/(-4). What is the greatest common factor of n and z?
17
Let k(a) = -2*a**3 + 12*a**2 + 44*a - 5. Let d be k(-5). What is the highest common divisor of d and 185?
5
Suppose -k - 1815 = -16*k. Let c = 132 - k. Suppose -17*x + 180 = -c*x. What is the greatest common divisor of x and 20?
10
Let q(r) = r**3 - 41*r**2 + 75*r + 140. Let s be q(39). Suppose j - 2*p = 2*j - 7, -5*p = -2*j + s. Calculate the greatest common divisor of 3 and j.
3
Let v(a) = 14*a**2 - 240*a - 734. Let g be v(-3). What is the greatest common factor of g and 28672?
112
Let h(l) = -79*l + 1. Let k be h(-1). Suppose 0 = -c - 0*c - 81. Let m = -65 - c. What is the greatest common factor of m and k?
16
Suppose -18 = -m - 8*m. Suppose 0 = 4*u + m*u - 108. Let g be (22/(-3))/((-6)/u). What is the highest common divisor of g and 110?
22
Let u be (50/14 + -1 + 0)*-14. Let w be 2079/u + 1/(-4). Let a = -20 - w. Calculate the highest common factor of 57 and a.
19
Let j be (13 - 1)*(-9 - (-155)/15). Let v(q) = -5*q + 2*q**2 + 0 - 4*q**2 + 3 + 2*q**3. Let a be v(3). What is the greatest common divisor of a and j?
8
Suppose 59*x + 135 + 40 = 84*x. Calculate the greatest common factor of 8 and x.
1
Let y be (2 + -3)*3288/(0 + -8). Let d = y + -361. Suppose -4*h + 2*q = -q - 46, -3*h = 2*q - 26. Calculate the greatest common factor of h and d.
10
Let t be 1 + 27 - (4 + 0). Suppose 0*q + 4 = q. Suppose -q*n = 2*n - 1584. What is the highest common factor of n and t?
24
Let t(c) be the second derivative of -c**5/10 - c**4/4 - c**3/6 + 81*c. Let z be (-9)/(-48)*4*-4. Let u be t(z). What is the highest common factor of u and 6?
6
Let w = 10521 + -10079. Calculate the highest common factor of 988 and w.
26
Let x be 18*4*(-95)/(-57). Suppose 0 = -2*f - 4*o + 336, -2*o + 5*o + 628 = 4*f. What is the greatest common factor of x and f?
40
Let x(a) = -92*a - 711. Let l be x(-9). What is the highest common divisor of l and 4186?
13
Let u be (-1)/(((-1)/(-6))/((-3)/(-6))). Let m(y) = -30*y**2 + 3*y - 6. Let h be m(u). Let q = h + 549. What is the greatest common divisor of q and 33?
33
Let q(i) = i**3 + 25*i**2 + 2*i + 74. Let p be q(-25). Suppose -668 = -p*w + 220. Let n = -90 + 423. What is the greatest common factor of w and n?
37
Let d(r) = r**3 - 23*r**2 - 49*r + 232. Let h be d(26). Calculate the greatest common divisor of 68 and h.
34
Suppose 25 = p + 1. Let a be ((-998)/(-12) - 1) + 1/(-6). Suppose -a = -4*n - 34. What is the greatest common divisor of n and p?
12
Suppose -60 = -11*m + 3229. Suppose 26 = -o + 3*o. What is the highest common factor of o and m?
13
Suppose -6*a = -4*a + 4*f, 0 = -4*a - 2*f. Suppose a = 8*u - 5*u + 3*d - 90, -5*u = 2*d - 150. Calculate the highest common divisor of u and 240.
30
Let q be 30/36 + (-2)/(-12) + 332. Let d = 336 - q. What is the highest common factor of d and 27?
3
Let t be ((-70)/(-6))/(5/435). What is the highest common divisor of 1827 and t?
203
Suppose -3*r - u = 1504, -4*r + 11*u - 2018 = 6*u. Let t = r - -507. What is the greatest common factor of 10 and t?
5
Sup